{"id":63,"date":"2019-10-02T14:10:07","date_gmt":"2019-10-02T14:10:07","guid":{"rendered":"http:\/\/www.zpk.sk\/?page_id=63"},"modified":"2024-11-12T13:13:35","modified_gmt":"2024-11-12T13:13:35","slug":"predstavujeme-sa","status":"publish","type":"page","link":"https:\/\/www.zpk.sk\/?page_id=63","title":{"rendered":"Predstavujeme sa"},"content":{"rendered":"<p>[vc_row][vc_column][vc_column_text]<\/p>\n<h2>Nov\u00fd impulz pre slovensk\u00e9 kin\u00e1<\/h2>\n<p>Pod\u013ea stanov Zdru\u017eenia prev\u00e1dzkovate\u013eov k\u00edn m\u00e1 ZPK chr\u00e1ni\u0165 z\u00e1ujmy prev\u00e1dzkovate\u013eov k\u00edn na Slovensku, ale aj sprostredkova\u0165 komunik\u00e1ciu s \u00daFD a filmov\u00fdmi distribu\u010dn\u00fdmi spolo\u010dnos\u0165ami, Audiovizu\u00e1lnym fondom, Ministerstvom kult\u00fary SR, SOZA a \u010fal\u0161\u00edmi autorsk\u00fdmi zv\u00e4zmi, \u010di in\u00fdmi subjektami v slovenskej audiov\u00edzii.<\/p>\n<p>Na Slovensku bolo v roku 1991 zalo\u017een\u00e9 Zdru\u017eenie prev\u00e1dzkovate\u013eov a pracovn\u00edkov k\u00edn (ZPPK). Toto zdru\u017eenie evidovalo kin\u00e1, ich n\u00e1v\u0161tevnosti, zabezpe\u010dovalo kontakty na technick\u00fd servis, \u0161kolilo premieta\u010dov, dohadovalo v\u0161eobecn\u00e9 technick\u00e9 podmienky prev\u00e1dzky k\u00edn, \u010di sl\u00fa\u017eilo v komunik\u00e1cii s filmov\u00fdmi distrib\u00fatormi. Prvou predsedn\u00ed\u010dkou zdru\u017eenia bola zvolen\u00e1 M\u00e1ria Pichnar\u010d\u00edkov\u00e1 a s\u00eddlom zdru\u017eenia sa stalo kino \u00dasmev v Ko\u0161iciach.<\/p>\n<p>Kin\u00e1 na Slovensku prech\u00e1dzali v rokoch 2008-2010 \u0165a\u017ek\u00fdm obdob\u00edm, ktor\u00e9 znamenalo pre mnoh\u00e9 a\u017e z\u00e1nik. Situ\u00e1cia v kin\u00e1ch na Slovensku sa v tomto obdob\u00ed radik\u00e1lne zmenila. Prib\u00fadali nov\u00e9 viacs\u00e1lov\u00e9 kin\u00e1 a viacer\u00e9 jednos\u00e1lov\u00e9 kin\u00e1 skon\u010dili svoju dlhoro\u010dn\u00fa prev\u00e1dzku. Pokles n\u00e1v\u0161tevnosti filmov\u00fdch predstaven\u00ed sprev\u00e1dzalo aj ukon\u010denie v\u00fdroby 35mm filmov\u00fdch k\u00f3pi\u00ed. St\u00fapaj\u00face n\u00e1klady na prev\u00e1dzku kina definit\u00edvne zav\u0155\u0161ila digitaliz\u00e1cia s novou digit\u00e1lnou premietacou technikou. V tom \u010dase sme tak boli svedkami z\u00e1niku prev\u00e1dzok najm\u00e4 jednos\u00e1lov\u00fdch k\u00edn na celom Slovensku.<\/p>\n<p>Ne\u0161\u0165ast\u00edm v kin\u00e1rskej situ\u00e1cii na Slovensku bol posledn\u00e9 roky aj fakt, \u017ee ka\u017ed\u00e9 kino sa samostatne tr\u00e1pilo so svojimi probl\u00e9mami. Ka\u017ed\u00fd prev\u00e1dzkovate\u013e viedol kino v in\u00fdch podmienkach, bez mo\u017enosti komunik\u00e1cie \u010di podpory alebo opory v nejakej svojej stavovskej organiz\u00e1cii. Vznikla tak ak\u00fatna potreba spoji\u0165 op\u00e4\u0165 slovensk\u00e9 kin\u00e1, aby sa mohli spolo\u010dne pok\u00fasi\u0165 o ak\u00fdsi re\u0161tart zdru\u017eenia a zefekt\u00edvnenie svojej \u010dinnosti.<\/p>\n<p>V\u010faka aktivite niektor\u00fdch ved\u00facich k\u00edn sa podarilo 4. febru\u00e1ra 2014 usporiada\u0165 v Banskej Bystrici celoslovensk\u00e9 stretnutie prev\u00e1dzkovate\u013eov k\u00edn, ktor\u00ed boli doposia\u013e st\u00e1le \u010dlenmi ZPPK s cie\u013eom obnovi\u0165 \u010dinnos\u0165 tohto zdru\u017eenia. Po viacer\u00fdch rokoch sa tak podarilo zorganizova\u0165 prv\u00e9 Valn\u00e9 zhroma\u017edenie Zdru\u017eenia prev\u00e1dzkovate\u013eov k\u00edn, na ktorom sa prepracovali a ods\u00fahlasili nov\u00e9 stanovy tohto ob\u010dianskeho zdru\u017eenia. N\u00e1sledne sa Valn\u00e9 zhroma\u017edenia zdru\u017eenia konaj\u00fa ka\u017edoro\u010dne, spravidla v Liptovskom J\u00e1ne na celoslovensk\u00fdch stretnutiach pracovn\u00edkov a prev\u00e1dzkovate\u013eov k\u00edn. Partnerom ZPK na t\u00fdchto stretnutiach je \u00dania filmov\u00fdch distrib\u00fatorov Slovenska. Zdru\u017eenie spolupracuje aj s firmami zo Slovenskej a \u010ceskej republiky, ktor\u00e9 zabezpe\u010duj\u00fa audiovizu\u00e1lnu techniku, tovar a slu\u017eby pre \u010dlenov ZPK a akt\u00edvne sa z\u00fa\u010dast\u0148uj\u00fa celo\u0161t\u00e1tnych stretnut\u00ed prev\u00e1dzkovate\u013eov k\u00edn. Partnerskou organiz\u00e1ciou je aj \u010desk\u00e9 APK -Asociace provozovatel\u016f\u00a0kin.<\/p>\n<p>Kancel\u00e1ria ZPK za nach\u00e1dza v multikine Golden Apple Cinema v Liptovskom Mikul\u00e1\u0161i.<\/p>\n<p>Obnovou ZPK sa stabilizovala situ\u00e1cia v oblasti sprostredkovania filmovej kult\u00fary, zachovanie kontinuity prev\u00e1dzky k\u00edn a aj ich postupn\u00fd rozvoj. Obnova \u010dinnosti zdru\u017eenia ZPK sa stala nov\u00fdm impulzom pre slovensk\u00e9 kin\u00e1.[\/vc_column_text][\/vc_column][\/vc_row]<\/p>\n","protected":false},"excerpt":{"rendered":"<p>[vc_row][vc_column][vc_column_text] Nov\u00fd impulz pre slovensk\u00e9 kin\u00e1 Pod\u013ea stanov Zdru\u017eenia prev\u00e1dzkovate\u013eov k\u00edn m\u00e1 ZPK chr\u00e1ni\u0165 z\u00e1ujmy prev\u00e1dzkovate\u013eov k\u00edn na Slovensku, ale aj sprostredkova\u0165 komunik\u00e1ciu s \u00daFD a filmov\u00fdmi distribu\u010dn\u00fdmi spolo\u010dnos\u0165ami, Audiovizu\u00e1lnym fondom, Ministerstvom kult\u00fary SR, SOZA a \u010fal\u0161\u00edmi autorsk\u00fdmi zv\u00e4zmi, \u010di in\u00fdmi subjektami v slovenskej audiov\u00edzii. Na Slovensku bolo v roku 1991 zalo\u017een\u00e9 Zdru\u017eenie prev\u00e1dzkovate\u013eov a&#8230; <\/p>\n<div class=\"clear\"><\/div>\n<p><a href=\"https:\/\/www.zpk.sk\/?page_id=63\" class=\"gdlr-button without-border excerpt-read-more\">Read More<\/a><\/p>\n","protected":false},"author":1,"featured_media":0,"parent":52,"menu_order":0,"comment_status":"closed","ping_status":"closed","template":"","meta":{"footnotes":""},"class_list":["post-63","page","type-page","status-publish","hentry"],"_links":{"self":[{"href":"https:\/\/www.zpk.sk\/index.php?rest_route=\/wp\/v2\/pages\/63","targetHints":{"allow":["GET"]}}],"collection":[{"href":"https:\/\/www.zpk.sk\/index.php?rest_route=\/wp\/v2\/pages"}],"about":[{"href":"https:\/\/www.zpk.sk\/index.php?rest_route=\/wp\/v2\/types\/page"}],"author":[{"embeddable":true,"href":"https:\/\/www.zpk.sk\/index.php?rest_route=\/wp\/v2\/users\/1"}],"replies":[{"embeddable":true,"href":"https:\/\/www.zpk.sk\/index.php?rest_route=%2Fwp%2Fv2%2Fcomments&post=63"}],"version-history":[{"count":8,"href":"https:\/\/www.zpk.sk\/index.php?rest_route=\/wp\/v2\/pages\/63\/revisions"}],"predecessor-version":[{"id":657,"href":"https:\/\/www.zpk.sk\/index.php?rest_route=\/wp\/v2\/pages\/63\/revisions\/657"}],"up":[{"embeddable":true,"href":"https:\/\/www.zpk.sk\/index.php?rest_route=\/wp\/v2\/pages\/52"}],"wp:attachment":[{"href":"https:\/\/www.zpk.sk\/index.php?rest_route=%2Fwp%2Fv2%2Fmedia&parent=63"}],"curies":[{"name":"wp","href":"https:\/\/api.w.org\/{rel}","templated":true}]}}