{"id":89,"date":"2019-10-02T14:21:55","date_gmt":"2019-10-02T14:21:55","guid":{"rendered":"http:\/\/www.zpk.sk\/?page_id=89"},"modified":"2019-10-03T21:17:37","modified_gmt":"2019-10-03T21:17:37","slug":"slovensky-ochranny-zvaz-autorsky","status":"publish","type":"page","link":"https:\/\/www.zpk.sk\/?page_id=89","title":{"rendered":"Slovensk\u00fd ochrann\u00fd zv\u00e4z autorsk\u00fd"},"content":{"rendered":"<p>[vc_row][vc_column][vc_column_text]<\/p>\n<h3 style=\"text-align: center;\">Slovensk\u00fd ochrann\u00fd zv\u00e4z autorsk\u00fd<\/h3>\n<p>[\/vc_column_text][\/vc_column][\/vc_row][vc_row][vc_column width=&#8220;1\/4&#8243;][vc_single_image image=&#8220;287&#8243; img_size=&#8220;medium&#8220;][\/vc_column][vc_column width=&#8220;3\/4&#8243;][vc_column_text]SOZA je neziskov\u00e9 ob\u010dianske zdru\u017eenie autorov a vydavate\u013eov hudobn\u00fdch diel pod\u013ea z\u00e1k. \u010d. 83\/1990 Zb.. Toto zdru\u017eenie predstavuje z\u00e1ujmov\u00fa samospr\u00e1vu, ktorou si nositelia majetkov\u00fdch pr\u00e1v cestou zvolen\u00fdch org\u00e1nov spravuj\u00fa majetkov\u00e9 z\u00e1ujmy spolo\u010denstva ako celku. V s\u00falade s opr\u00e1vnen\u00edm MK SR spravuje na \u00fazem\u00ed Slovenska majetkov\u00e9 autorsk\u00e9 pr\u00e1va k hudbe z cel\u00e9ho sveta a vykon\u00e1va kolekt\u00edvnu spr\u00e1vu pr\u00e1v pod\u013ea Autorsk\u00e9ho z\u00e1kona.<\/p>\n<p><strong>Viac inform\u00e1ci\u00ed<\/strong><br \/>\n<a href=\"http:\/\/www.soza.sk\/\" target=\"_blank\" rel=\"noreferrer noopener\">http:\/\/www.soza.sk<\/a>[\/vc_column_text][\/vc_column][\/vc_row]<\/p>\n","protected":false},"excerpt":{"rendered":"<p>[vc_row][vc_column][vc_column_text] Slovensk\u00fd ochrann\u00fd zv\u00e4z autorsk\u00fd [\/vc_column_text][\/vc_column][\/vc_row][vc_row][vc_column width=&#8220;1\/4&#8243;][vc_single_image image=&#8220;287&#8243; img_size=&#8220;medium&#8220;][\/vc_column][vc_column width=&#8220;3\/4&#8243;][vc_column_text]SOZA je neziskov\u00e9 ob\u010dianske zdru\u017eenie autorov a vydavate\u013eov hudobn\u00fdch diel pod\u013ea z\u00e1k. \u010d. 83\/1990 Zb.. Toto zdru\u017eenie predstavuje z\u00e1ujmov\u00fa samospr\u00e1vu, ktorou si nositelia majetkov\u00fdch pr\u00e1v cestou zvolen\u00fdch org\u00e1nov spravuj\u00fa majetkov\u00e9 z\u00e1ujmy spolo\u010denstva ako celku. V s\u00falade s opr\u00e1vnen\u00edm MK SR spravuje na \u00fazem\u00ed Slovenska majetkov\u00e9 autorsk\u00e9&#8230; <\/p>\n<div class=\"clear\"><\/div>\n<p><a href=\"https:\/\/www.zpk.sk\/?page_id=89\" class=\"gdlr-button without-border excerpt-read-more\">Read More<\/a><\/p>\n","protected":false},"author":1,"featured_media":287,"parent":83,"menu_order":0,"comment_status":"closed","ping_status":"closed","template":"","meta":{"footnotes":""},"class_list":["post-89","page","type-page","status-publish","has-post-thumbnail","hentry"],"_links":{"self":[{"href":"https:\/\/www.zpk.sk\/index.php?rest_route=\/wp\/v2\/pages\/89","targetHints":{"allow":["GET"]}}],"collection":[{"href":"https:\/\/www.zpk.sk\/index.php?rest_route=\/wp\/v2\/pages"}],"about":[{"href":"https:\/\/www.zpk.sk\/index.php?rest_route=\/wp\/v2\/types\/page"}],"author":[{"embeddable":true,"href":"https:\/\/www.zpk.sk\/index.php?rest_route=\/wp\/v2\/users\/1"}],"replies":[{"embeddable":true,"href":"https:\/\/www.zpk.sk\/index.php?rest_route=%2Fwp%2Fv2%2Fcomments&post=89"}],"version-history":[{"count":4,"href":"https:\/\/www.zpk.sk\/index.php?rest_route=\/wp\/v2\/pages\/89\/revisions"}],"predecessor-version":[{"id":288,"href":"https:\/\/www.zpk.sk\/index.php?rest_route=\/wp\/v2\/pages\/89\/revisions\/288"}],"up":[{"embeddable":true,"href":"https:\/\/www.zpk.sk\/index.php?rest_route=\/wp\/v2\/pages\/83"}],"wp:featuredmedia":[{"embeddable":true,"href":"https:\/\/www.zpk.sk\/index.php?rest_route=\/wp\/v2\/media\/287"}],"wp:attachment":[{"href":"https:\/\/www.zpk.sk\/index.php?rest_route=%2Fwp%2Fv2%2Fmedia&parent=89"}],"curies":[{"name":"wp","href":"https:\/\/api.w.org\/{rel}","templated":true}]}}