{"id":91,"date":"2019-10-02T14:22:26","date_gmt":"2019-10-02T14:22:26","guid":{"rendered":"http:\/\/www.zpk.sk\/?page_id=91"},"modified":"2024-11-22T09:45:42","modified_gmt":"2024-11-22T09:45:42","slug":"audiovizualny-fond","status":"publish","type":"page","link":"https:\/\/www.zpk.sk\/?page_id=91","title":{"rendered":"Audiovizu\u00e1lny fond"},"content":{"rendered":"<p>[vc_row][vc_column][vc_column_text]<\/p>\n<h3 style=\"text-align: center;\">Audiovizu\u00e1lny fond<\/h3>\n<p>[\/vc_column_text][\/vc_column][\/vc_row][vc_row][vc_column width=&#8220;1\/4&#8243;][vc_single_image image=&#8220;681&#8243; img_size=&#8220;medium&#8220;][\/vc_column][vc_column width=&#8220;3\/4&#8243;][vc_column_text]Po takmer dvadsiatich rokoch od z\u00e1niku \u0161t\u00e1tneho monopolu v oblasti filmu 1. janu\u00e1ra 2009 \u00fa\u010dinnos\u0165 z\u00e1kon \u010d. 516\/2008 Z. z. o Audiovizu\u00e1lnom fonde v znen\u00ed neskor\u0161\u00edch predpisov. Vznikla tak nov\u00e1 verejnopr\u00e1vna in\u0161tit\u00facia na podporu a rozvoj audiovizu\u00e1lnej kult\u00fary a priemyslu. Fond nahradil grantov\u00fd program Ministerstva kult\u00fary a v\u00fdrazne roz\u0161\u00edri mo\u017enosti aj zdroje podpory.<\/p>\n<p><strong>Viac inform\u00e1ci\u00ed<\/strong><br \/>\n<a href=\"http:\/\/www.avf.sk\/\" target=\"_blank\" rel=\"noreferrer noopener\">http:\/\/www.avf.sk<\/a>[\/vc_column_text][\/vc_column][\/vc_row]<\/p>\n","protected":false},"excerpt":{"rendered":"<p>[vc_row][vc_column][vc_column_text] Audiovizu\u00e1lny fond [\/vc_column_text][\/vc_column][\/vc_row][vc_row][vc_column width=&#8220;1\/4&#8243;][vc_single_image image=&#8220;681&#8243; img_size=&#8220;medium&#8220;][\/vc_column][vc_column width=&#8220;3\/4&#8243;][vc_column_text]Po takmer dvadsiatich rokoch od z\u00e1niku \u0161t\u00e1tneho monopolu v oblasti filmu 1. janu\u00e1ra 2009 \u00fa\u010dinnos\u0165 z\u00e1kon \u010d. 516\/2008 Z. z. o Audiovizu\u00e1lnom fonde v znen\u00ed neskor\u0161\u00edch predpisov. Vznikla tak nov\u00e1 verejnopr\u00e1vna in\u0161tit\u00facia na podporu a rozvoj audiovizu\u00e1lnej kult\u00fary a priemyslu. Fond nahradil grantov\u00fd program Ministerstva kult\u00fary a v\u00fdrazne&#8230; <\/p>\n<div class=\"clear\"><\/div>\n<p><a href=\"https:\/\/www.zpk.sk\/?page_id=91\" class=\"gdlr-button without-border excerpt-read-more\">Read More<\/a><\/p>\n","protected":false},"author":1,"featured_media":0,"parent":83,"menu_order":0,"comment_status":"closed","ping_status":"closed","template":"","meta":{"footnotes":""},"class_list":["post-91","page","type-page","status-publish","hentry"],"_links":{"self":[{"href":"https:\/\/www.zpk.sk\/index.php?rest_route=\/wp\/v2\/pages\/91","targetHints":{"allow":["GET"]}}],"collection":[{"href":"https:\/\/www.zpk.sk\/index.php?rest_route=\/wp\/v2\/pages"}],"about":[{"href":"https:\/\/www.zpk.sk\/index.php?rest_route=\/wp\/v2\/types\/page"}],"author":[{"embeddable":true,"href":"https:\/\/www.zpk.sk\/index.php?rest_route=\/wp\/v2\/users\/1"}],"replies":[{"embeddable":true,"href":"https:\/\/www.zpk.sk\/index.php?rest_route=%2Fwp%2Fv2%2Fcomments&post=91"}],"version-history":[{"count":6,"href":"https:\/\/www.zpk.sk\/index.php?rest_route=\/wp\/v2\/pages\/91\/revisions"}],"predecessor-version":[{"id":683,"href":"https:\/\/www.zpk.sk\/index.php?rest_route=\/wp\/v2\/pages\/91\/revisions\/683"}],"up":[{"embeddable":true,"href":"https:\/\/www.zpk.sk\/index.php?rest_route=\/wp\/v2\/pages\/83"}],"wp:attachment":[{"href":"https:\/\/www.zpk.sk\/index.php?rest_route=%2Fwp%2Fv2%2Fmedia&parent=91"}],"curies":[{"name":"wp","href":"https:\/\/api.w.org\/{rel}","templated":true}]}}