{"id":97,"date":"2019-10-02T14:23:44","date_gmt":"2019-10-02T14:23:44","guid":{"rendered":"http:\/\/www.zpk.sk\/?page_id=97"},"modified":"2020-04-24T06:49:32","modified_gmt":"2020-04-24T06:49:32","slug":"na-stiahnutie","status":"publish","type":"page","link":"https:\/\/www.zpk.sk\/?page_id=97","title":{"rendered":"Na stiahnutie"},"content":{"rendered":"<p><a href=\"http:\/\/www.zpk.sk\/wp-content\/uploads\/2019\/10\/\u017diados\u0165-o-\u010dlenstvo-v-ZPK-tla\u010divo.docx\">\u017diados\u0165 o \u010dlenstvo v ZPK &#8211; tla\u010divo<\/a><\/p>\n<p><a href=\"http:\/\/www.zpk.sk\/wp-content\/uploads\/2019\/10\/\u017diados\u0165-o-pridelenie-registra\u010dn\u00e9ho-\u010d\u00edsla-tla\u010divo.docx\">\u017diados\u0165 o pridelenie registra\u010dn\u00e9ho \u010d\u00edsla &#8211; tla\u010divo<\/a><\/p>\n<p><a href=\"http:\/\/www.zpk.sk\/wp-content\/uploads\/2019\/10\/Ozn\u00e1menie-o-\u010dinnosti-v-audiov\u00edzii.docx\">Ozn\u00e1menie o \u010dinnosti v audiov\u00edzii<\/a><\/p>\n<p><a href=\"http:\/\/www.zpk.sk\/wp-content\/uploads\/2019\/10\/N\u00e1vratka-o-\u010dinnosti-pre-ZPK.docx\">N\u00e1vratka o \u010dinnosti pre ZPK<\/a><\/p>\n<p><a href=\"http:\/\/www.zpk.sk\/wp-content\/uploads\/2019\/10\/N\u00e1vratka-o-\u010dinnosti-pre-SOZA.doc\">N\u00e1vratka o \u010dinnosti pre SOZA<\/a><\/p>\n","protected":false},"excerpt":{"rendered":"<p>\u017diados\u0165 o \u010dlenstvo v ZPK &#8211; tla\u010divo \u017diados\u0165 o pridelenie registra\u010dn\u00e9ho \u010d\u00edsla &#8211; tla\u010divo Ozn\u00e1menie o \u010dinnosti v audiov\u00edzii N\u00e1vratka o \u010dinnosti pre ZPK N\u00e1vratka o \u010dinnosti pre SOZA<\/p>\n","protected":false},"author":1,"featured_media":0,"parent":0,"menu_order":0,"comment_status":"closed","ping_status":"closed","template":"","meta":{"footnotes":""},"class_list":["post-97","page","type-page","status-publish","hentry"],"_links":{"self":[{"href":"https:\/\/www.zpk.sk\/index.php?rest_route=\/wp\/v2\/pages\/97","targetHints":{"allow":["GET"]}}],"collection":[{"href":"https:\/\/www.zpk.sk\/index.php?rest_route=\/wp\/v2\/pages"}],"about":[{"href":"https:\/\/www.zpk.sk\/index.php?rest_route=\/wp\/v2\/types\/page"}],"author":[{"embeddable":true,"href":"https:\/\/www.zpk.sk\/index.php?rest_route=\/wp\/v2\/users\/1"}],"replies":[{"embeddable":true,"href":"https:\/\/www.zpk.sk\/index.php?rest_route=%2Fwp%2Fv2%2Fcomments&post=97"}],"version-history":[{"count":4,"href":"https:\/\/www.zpk.sk\/index.php?rest_route=\/wp\/v2\/pages\/97\/revisions"}],"predecessor-version":[{"id":440,"href":"https:\/\/www.zpk.sk\/index.php?rest_route=\/wp\/v2\/pages\/97\/revisions\/440"}],"wp:attachment":[{"href":"https:\/\/www.zpk.sk\/index.php?rest_route=%2Fwp%2Fv2%2Fmedia&parent=97"}],"curies":[{"name":"wp","href":"https:\/\/api.w.org\/{rel}","templated":true}]}}